{"id":19,"date":"2024-09-22T16:25:56","date_gmt":"2024-09-22T14:25:56","guid":{"rendered":"http:\/\/tomleroyterquem.com\/?page_id=19"},"modified":"2024-09-28T12:04:42","modified_gmt":"2024-09-28T10:04:42","slug":"expositions","status":"publish","type":"page","link":"https:\/\/tomleroyterquem.com\/index.php\/expositions\/","title":{"rendered":"Expositions"},"content":{"rendered":"\t\t<div data-elementor-type=\"wp-page\" data-elementor-id=\"19\" class=\"elementor elementor-19\">\n\t\t\t\t<div class=\"elementor-element elementor-element-0a168a2 e-flex e-con-boxed e-con e-parent\" data-id=\"0a168a2\" data-element_type=\"container\">\n\t\t\t\t\t<div class=\"e-con-inner\">\n\t\t\t\t<div class=\"elementor-element elementor-element-8987747 elementor-widget elementor-widget-heading\" data-id=\"8987747\" data-element_type=\"widget\" data-widget_type=\"heading.default\">\n\t\t\t\t<div class=\"elementor-widget-container\">\n\t\t\t<h1 class=\"elementor-heading-title elementor-size-default\">Expositions<\/h1>\t\t<\/div>\n\t\t\t\t<\/div>\n\t\t\t\t\t<\/div>\n\t\t\t\t<\/div>\n\t\t<div class=\"elementor-element elementor-element-5942afd e-con-full e-flex e-con e-parent\" data-id=\"5942afd\" data-element_type=\"container\">\n\t\t\t\t<div class=\"elementor-element elementor-element-3e3ae86 elementor-widget elementor-widget-text-editor\" data-id=\"3e3ae86\" data-element_type=\"widget\" data-widget_type=\"text-editor.default\">\n\t\t\t\t<div class=\"elementor-widget-container\">\n\t\t\t\t\t\t\t<p>\u00a0<\/p><p>2024<\/p><p>Septembre: &#8220;Les Enflamm\u00e9s&#8221;, espace St Anne &#8211; Lannion<\/p><p>Septembre: &#8220;Les vertiges Botaniques&#8221;, p\u00e9pini\u00e8re Vert&#8217;iges &#8211; Lourgouat<\/p><p>Mai: &#8220;Ateliers ouverts&#8221;, la Semencerie &#8211; Strasbourg<\/p><p>Avril: &#8220;Savoir faire et refaire&#8221; 2e \u00e9dition, le Phare Citadelle &#8211; Strasbourg\u00a0<\/p><p>\u00a0<\/p><p>2023<\/p><p>D\u00e9cembre: &#8220;March\u00e9 des cr\u00e9ateur.ices de la champignonnerie&#8221; &#8211; Strasbourg<\/p><p>Avril: &#8220;Savoir faire et refaire&#8221;, le Phare Citadelle &#8211; Strasbourg\u00a0<\/p><p>\u00a0<\/p><p>2022<\/p><p>Juillet \u00e0 D\u00e9cembre: &#8220;Nos Artisanats&#8221;, Abbaye Royale du Moncel &#8211; Pontpoint<\/p><p>Juillet \u00e0 Septembre: &#8220;Cabinet de curiosit\u00e9s&#8221;, galerie des arts du feu, Rouen<\/p><p>Juillet \u00e0 Ao\u00fbt: &#8220;Attabl\u00e9.e.s&#8221; &#8211; Mittelbergheim<\/p><p>Mai: &#8220;Bike Art War #2&#8221; &#8211; Strasbourg<\/p><p>\u00a0<\/p><p>2021<\/p><p>Octobre: &#8220;Les Cr\u00e9ateurs&#8221; &#8211; Enghien les bains<\/p><p>Juin: &#8220;Bike Art War&#8221; &#8211; Strasbourg<\/p><p>Mai: &#8220;Tout feu tout flamme&#8221;, Saint Leu-la-For\u00eat<\/p><p>\u00a0<\/p><p>2019<\/p><p>D\u00e9cembre: &#8220;March\u00e9 de no\u00ebl de la mairie du 15e&#8221; &#8211; Paris<\/p><p>Octobre: &#8220;Les Cr\u00e9ateurs&#8221; &#8211; Enghien les bains<\/p>\t\t\t\t\t\t<\/div>\n\t\t\t\t<\/div>\n\t\t\t\t<\/div>\n\t\t\t\t<\/div>\n\t\t","protected":false},"excerpt":{"rendered":"<p>Expositions \u00a0 2024 Septembre: &#8220;Les Enflamm\u00e9s&#8221;, espace St Anne &#8211; Lannion Septembre: &#8220;Les vertiges Botaniques&#8221;, p\u00e9pini\u00e8re Vert&#8217;iges &#8211; Lourgouat Mai: &#8220;Ateliers ouverts&#8221;, la Semencerie &#8211; Strasbourg Avril: &#8220;Savoir faire et refaire&#8221; 2e \u00e9dition, le Phare Citadelle &#8211; Strasbourg\u00a0 \u00a0 2023 D\u00e9cembre: &#8220;March\u00e9 des cr\u00e9ateur.ices de la champignonnerie&#8221; &#8211; Strasbourg Avril: &#8220;Savoir faire et refaire&#8221;, le [&hellip;]<\/p>\n","protected":false},"author":1,"featured_media":0,"parent":0,"menu_order":0,"comment_status":"closed","ping_status":"closed","template":"","meta":{"ocean_post_layout":"","ocean_both_sidebars_style":"","ocean_both_sidebars_content_width":0,"ocean_both_sidebars_sidebars_width":0,"ocean_sidebar":"","ocean_second_sidebar":"","ocean_disable_margins":"enable","ocean_add_body_class":"","ocean_shortcode_before_top_bar":"","ocean_shortcode_after_top_bar":"","ocean_shortcode_before_header":"","ocean_shortcode_after_header":"","ocean_has_shortcode":"","ocean_shortcode_after_title":"","ocean_shortcode_before_footer_widgets":"","ocean_shortcode_after_footer_widgets":"","ocean_shortcode_before_footer_bottom":"","ocean_shortcode_after_footer_bottom":"","ocean_display_top_bar":"default","ocean_display_header":"default","ocean_header_style":"","ocean_center_header_left_menu":"","ocean_custom_header_template":"","ocean_custom_logo":0,"ocean_custom_retina_logo":0,"ocean_custom_logo_max_width":0,"ocean_custom_logo_tablet_max_width":0,"ocean_custom_logo_mobile_max_width":0,"ocean_custom_logo_max_height":0,"ocean_custom_logo_tablet_max_height":0,"ocean_custom_logo_mobile_max_height":0,"ocean_header_custom_menu":"","ocean_menu_typo_font_family":"","ocean_menu_typo_font_subset":"","ocean_menu_typo_font_size":0,"ocean_menu_typo_font_size_tablet":0,"ocean_menu_typo_font_size_mobile":0,"ocean_menu_typo_font_size_unit":"px","ocean_menu_typo_font_weight":"","ocean_menu_typo_font_weight_tablet":"","ocean_menu_typo_font_weight_mobile":"","ocean_menu_typo_transform":"","ocean_menu_typo_transform_tablet":"","ocean_menu_typo_transform_mobile":"","ocean_menu_typo_line_height":0,"ocean_menu_typo_line_height_tablet":0,"ocean_menu_typo_line_height_mobile":0,"ocean_menu_typo_line_height_unit":"","ocean_menu_typo_spacing":0,"ocean_menu_typo_spacing_tablet":0,"ocean_menu_typo_spacing_mobile":0,"ocean_menu_typo_spacing_unit":"","ocean_menu_link_color":"","ocean_menu_link_color_hover":"","ocean_menu_link_color_active":"","ocean_menu_link_background":"","ocean_menu_link_hover_background":"","ocean_menu_link_active_background":"","ocean_menu_social_links_bg":"","ocean_menu_social_hover_links_bg":"","ocean_menu_social_links_color":"","ocean_menu_social_hover_links_color":"","ocean_disable_title":"default","ocean_disable_heading":"default","ocean_post_title":"","ocean_post_subheading":"","ocean_post_title_style":"","ocean_post_title_background_color":"","ocean_post_title_background":0,"ocean_post_title_bg_image_position":"","ocean_post_title_bg_image_attachment":"","ocean_post_title_bg_image_repeat":"","ocean_post_title_bg_image_size":"","ocean_post_title_height":0,"ocean_post_title_bg_overlay":0.5,"ocean_post_title_bg_overlay_color":"","ocean_disable_breadcrumbs":"default","ocean_breadcrumbs_color":"","ocean_breadcrumbs_separator_color":"","ocean_breadcrumbs_links_color":"","ocean_breadcrumbs_links_hover_color":"","ocean_display_footer_widgets":"default","ocean_display_footer_bottom":"default","ocean_custom_footer_template":"","footnotes":""},"class_list":["post-19","page","type-page","status-publish","hentry","entry"],"yoast_head":"<!-- This site is optimized with the Yoast SEO plugin v23.5 - https:\/\/yoast.com\/wordpress\/plugins\/seo\/ -->\n<title>Expositions -<\/title>\n<meta name=\"robots\" content=\"index, follow, max-snippet:-1, max-image-preview:large, max-video-preview:-1\" \/>\n<link rel=\"canonical\" href=\"http:\/\/tomleroyterquem.com\/index.php\/expositions\/\" \/>\n<meta property=\"og:locale\" content=\"en_US\" \/>\n<meta property=\"og:type\" content=\"article\" \/>\n<meta property=\"og:title\" content=\"Expositions -\" \/>\n<meta property=\"og:description\" content=\"Expositions \u00a0 2024 Septembre: &#8220;Les Enflamm\u00e9s&#8221;, espace St Anne &#8211; Lannion Septembre: &#8220;Les vertiges Botaniques&#8221;, p\u00e9pini\u00e8re Vert&#8217;iges &#8211; Lourgouat Mai: &#8220;Ateliers ouverts&#8221;, la Semencerie &#8211; Strasbourg Avril: &#8220;Savoir faire et refaire&#8221; 2e \u00e9dition, le Phare Citadelle &#8211; Strasbourg\u00a0 \u00a0 2023 D\u00e9cembre: &#8220;March\u00e9 des cr\u00e9ateur.ices de la champignonnerie&#8221; &#8211; Strasbourg Avril: &#8220;Savoir faire et refaire&#8221;, le [&hellip;]\" \/>\n<meta property=\"og:url\" content=\"http:\/\/tomleroyterquem.com\/index.php\/expositions\/\" \/>\n<meta property=\"article:modified_time\" content=\"2024-09-28T10:04:42+00:00\" \/>\n<meta name=\"twitter:card\" content=\"summary_large_image\" \/>\n<meta name=\"twitter:label1\" content=\"Est. reading time\" \/>\n\t<meta name=\"twitter:data1\" content=\"1 minute\" \/>\n<script type=\"application\/ld+json\" class=\"yoast-schema-graph\">{\"@context\":\"https:\/\/schema.org\",\"@graph\":[{\"@type\":\"WebPage\",\"@id\":\"http:\/\/tomleroyterquem.com\/index.php\/expositions\/\",\"url\":\"http:\/\/tomleroyterquem.com\/index.php\/expositions\/\",\"name\":\"Expositions -\",\"isPartOf\":{\"@id\":\"http:\/\/tomleroyterquem.com\/#website\"},\"datePublished\":\"2024-09-22T14:25:56+00:00\",\"dateModified\":\"2024-09-28T10:04:42+00:00\",\"breadcrumb\":{\"@id\":\"http:\/\/tomleroyterquem.com\/index.php\/expositions\/#breadcrumb\"},\"inLanguage\":\"en-US\",\"potentialAction\":[{\"@type\":\"ReadAction\",\"target\":[\"http:\/\/tomleroyterquem.com\/index.php\/expositions\/\"]}]},{\"@type\":\"BreadcrumbList\",\"@id\":\"http:\/\/tomleroyterquem.com\/index.php\/expositions\/#breadcrumb\",\"itemListElement\":[{\"@type\":\"ListItem\",\"position\":1,\"name\":\"Home\",\"item\":\"http:\/\/tomleroyterquem.com\/\"},{\"@type\":\"ListItem\",\"position\":2,\"name\":\"Expositions\"}]},{\"@type\":\"WebSite\",\"@id\":\"http:\/\/tomleroyterquem.com\/#website\",\"url\":\"http:\/\/tomleroyterquem.com\/\",\"name\":\"\",\"description\":\"\",\"potentialAction\":[{\"@type\":\"SearchAction\",\"target\":{\"@type\":\"EntryPoint\",\"urlTemplate\":\"http:\/\/tomleroyterquem.com\/?s={search_term_string}\"},\"query-input\":{\"@type\":\"PropertyValueSpecification\",\"valueRequired\":true,\"valueName\":\"search_term_string\"}}],\"inLanguage\":\"en-US\"}]}<\/script>\n<!-- \/ Yoast SEO plugin. -->","yoast_head_json":{"title":"Expositions -","robots":{"index":"index","follow":"follow","max-snippet":"max-snippet:-1","max-image-preview":"max-image-preview:large","max-video-preview":"max-video-preview:-1"},"canonical":"http:\/\/tomleroyterquem.com\/index.php\/expositions\/","og_locale":"en_US","og_type":"article","og_title":"Expositions -","og_description":"Expositions \u00a0 2024 Septembre: &#8220;Les Enflamm\u00e9s&#8221;, espace St Anne &#8211; Lannion Septembre: &#8220;Les vertiges Botaniques&#8221;, p\u00e9pini\u00e8re Vert&#8217;iges &#8211; Lourgouat Mai: &#8220;Ateliers ouverts&#8221;, la Semencerie &#8211; Strasbourg Avril: &#8220;Savoir faire et refaire&#8221; 2e \u00e9dition, le Phare Citadelle &#8211; Strasbourg\u00a0 \u00a0 2023 D\u00e9cembre: &#8220;March\u00e9 des cr\u00e9ateur.ices de la champignonnerie&#8221; &#8211; Strasbourg Avril: &#8220;Savoir faire et refaire&#8221;, le [&hellip;]","og_url":"http:\/\/tomleroyterquem.com\/index.php\/expositions\/","article_modified_time":"2024-09-28T10:04:42+00:00","twitter_card":"summary_large_image","twitter_misc":{"Est. reading time":"1 minute"},"schema":{"@context":"https:\/\/schema.org","@graph":[{"@type":"WebPage","@id":"http:\/\/tomleroyterquem.com\/index.php\/expositions\/","url":"http:\/\/tomleroyterquem.com\/index.php\/expositions\/","name":"Expositions -","isPartOf":{"@id":"http:\/\/tomleroyterquem.com\/#website"},"datePublished":"2024-09-22T14:25:56+00:00","dateModified":"2024-09-28T10:04:42+00:00","breadcrumb":{"@id":"http:\/\/tomleroyterquem.com\/index.php\/expositions\/#breadcrumb"},"inLanguage":"en-US","potentialAction":[{"@type":"ReadAction","target":["http:\/\/tomleroyterquem.com\/index.php\/expositions\/"]}]},{"@type":"BreadcrumbList","@id":"http:\/\/tomleroyterquem.com\/index.php\/expositions\/#breadcrumb","itemListElement":[{"@type":"ListItem","position":1,"name":"Home","item":"http:\/\/tomleroyterquem.com\/"},{"@type":"ListItem","position":2,"name":"Expositions"}]},{"@type":"WebSite","@id":"http:\/\/tomleroyterquem.com\/#website","url":"http:\/\/tomleroyterquem.com\/","name":"","description":"","potentialAction":[{"@type":"SearchAction","target":{"@type":"EntryPoint","urlTemplate":"http:\/\/tomleroyterquem.com\/?s={search_term_string}"},"query-input":{"@type":"PropertyValueSpecification","valueRequired":true,"valueName":"search_term_string"}}],"inLanguage":"en-US"}]}},"_links":{"self":[{"href":"https:\/\/tomleroyterquem.com\/index.php\/wp-json\/wp\/v2\/pages\/19","targetHints":{"allow":["GET"]}}],"collection":[{"href":"https:\/\/tomleroyterquem.com\/index.php\/wp-json\/wp\/v2\/pages"}],"about":[{"href":"https:\/\/tomleroyterquem.com\/index.php\/wp-json\/wp\/v2\/types\/page"}],"author":[{"embeddable":true,"href":"https:\/\/tomleroyterquem.com\/index.php\/wp-json\/wp\/v2\/users\/1"}],"replies":[{"embeddable":true,"href":"https:\/\/tomleroyterquem.com\/index.php\/wp-json\/wp\/v2\/comments?post=19"}],"version-history":[{"count":47,"href":"https:\/\/tomleroyterquem.com\/index.php\/wp-json\/wp\/v2\/pages\/19\/revisions"}],"predecessor-version":[{"id":443,"href":"https:\/\/tomleroyterquem.com\/index.php\/wp-json\/wp\/v2\/pages\/19\/revisions\/443"}],"wp:attachment":[{"href":"https:\/\/tomleroyterquem.com\/index.php\/wp-json\/wp\/v2\/media?parent=19"}],"curies":[{"name":"wp","href":"https:\/\/api.w.org\/{rel}","templated":true}]}}